20 a factor of 160665600?
True
Is 1114357827 a multiple of 517?
True
Is 11 a factor of 53937367?
True
Does 7 divide 130717090?
True
Is 20136331 a multiple of 27?
False
Does 44 divide 400714908?
True
Is 221 a factor of 1268379333?
True
Is 3472 a factor of 983949376?
False
Is 384 a factor of 303202560?
True
Is 311 a factor of 158672015?
False
Does 2 divide 3314303?
False
Is 455 a factor of 1610696360?
True
Does 6 divide 8442402?
True
Is 12 a factor of 229161411?
False
Is 2196709076 a multiple of 27?
False
Does 30 divide 2399810100?
True
Is 332 a factor of 209239148?
False
Is 98 a factor of 253793291?
False
Does 19 divide 2392228?
False
Does 4656 divide 14369137?
False
Is 11992637 a multiple of 5?
False
Does 611 divide 7107289?
False
Does 318 divide 8904070?
False
Is 1339 a factor of 4040156666?
True
Is 34593206 a multiple of 7?
False
Is 18972839 a multiple of 231?
False
Does 34 divide 1395103773?
False
Is 177508964 a multiple of 780?
False
Does 2403 divide 56561814?
True
Does 29 divide 51464763?
True
Does 217 divide 191936994?
False
Does 235 divide 29949105?
True
Does 2 divide 7242208?
True
Is 199 a factor of 237799826?
True
Is 3990 a factor of 536926320?
True
Is 157 a factor of 172222136?
False
Does 10 divide 1224181630?
True
Does 503 divide 510581719?
True
Does 608 divide 7160416?
True
Is 61 a factor of 146536640?
True
Is 427 a factor of 20493011?
True
Does 16 divide 28728797?
False
Is 201761762 a multiple of 1856?
False
Is 1097 a factor of 910840478?
False
Does 3723 divide 240390387?
True
Is 148 a factor of 31218972?
True
Does 72 divide 57343176?
True
Does 457 divide 1361064?
False
Is 53 a factor of 54973243?
True
Does 16 divide 679512776?
False
Does 3378 divide 712410066?
True
Is 892 a factor of 275860482?
False
Is 3408670987 a multiple of 3449?
False
Is 318796227 a multiple of 67?
False
Is 7333784 a multiple of 290?
False
Is 3648 a factor of 2010481957?
False
Is 48 a factor of 1600234368?
True
Is 54 a factor of 898781048?
False
Does 861 divide 2061595620?
True
Is 108448446 a multiple of 76?
False
Is 597411 a multiple of 1619?
True
Is 2022994050 a multiple of 440?
False
Does 109 divide 28444858?
True
Is 2859 a factor of 610359333?
True
Does 32 divide 66708953?
False
Is 10647390 a multiple of 6?
True
Is 8235398 a multiple of 19?
True
Does 166 divide 528932440?
True
Does 7 divide 44847801?
False
Does 13 divide 3085212?
True
Is 791 a factor of 15502809?
True
Does 47 divide 19711236?
True
Is 11 a factor of 37208270?
True
Does 3 divide 186282479?
False
Is 31527661 a multiple of 20?
False
Does 3724 divide 166418112?
True
Is 165 a factor of 154999646?
False
Is 99345268 a multiple of 5935?
False
Does 1272 divide 177237659?
False
Is 434119283 a multiple of 18?
False
Does 541 divide 36187128?
False
Is 623087239 a multiple of 86?
False
Does 4 divide 89262043?
False
Is 49 a factor of 20846725?
False
Does 12 divide 118866477?
False
Is 13 a factor of 409754312?
False
Is 293 a factor of 18216080?
False
Does 1585 divide 78241717?
False
Is 2866 a factor of 329618660?
True
Is 2854 a factor of 5510017476?
False
Is 319 a factor of 67150457?
True
Does 37 divide 145194248?
False
Is 69 a factor of 213473097?
True
Does 15 divide 934396?
False
Is 4876433695 a multiple of 91?
False
Is 32690257 a multiple of 64?
False
Is 7822614 a multiple of 74?
True
Does 1624 divide 1701483170?
False
Is 554622600 a multiple of 35?
True
Is 1541 a factor of 1217898530?
True
Does 2158 divide 48326252?
True
Does 85 divide 366554170?
True
Does 67 divide 249154240?
True
Is 1251540990 a multiple of 1435?
True
Is 1210 a factor of 2001556621?
False
Is 140 a factor of 57803360?
False
Is 7301 a factor of 1295387226?
True
Is 25005792 a multiple of 84?
True
Is 72754446 a multiple of 9?
False
Does 233 divide 16596003?
False
Is 608 a factor of 810581344?
True
Is 520 a factor of 427924120?
True
Is 20 a factor of 1175060400?
True
Is 253 a factor of 78341618?
False
Does 27 divide 226418486?
False
Is 16 a factor of 141300017?
False
Is 49 a factor of 32822356?
True
Is 21 a factor of 8591268?
True
Is 17 a factor of 2312487832?
True
Is 17 a factor of 752063204?
True
Does 12 divide 30224752?
False
Is 38968462 a multiple of 501?
False
Is 278938800 a multiple of 80?
True
Is 29 a factor of 670276101?
True
Is 775 a factor of 2298481?
False
Does 2 divide 103295686?
True
Does 69 divide 99840330?
False
Does 2 divide 326733352?
True
Is 14 a factor of 724942092?
True
Is 52332822 a multiple of 1958?
False
Does 10 divide 17760979?
False
Does 199 divide 166925578?
True
Is 3986 a factor of 1750786724?
True
Is 3557561 even?
False
Is 129686329 a multiple of 64?
False
Is 15311979 a multiple of 603?
True
Does 10 divide 311682428?
False
Is 1377350 a multiple of 130?
True
Does 5 divide 87335020?
True
Is 133613200 a multiple of 850?
True
Is 111 a factor of 10447225?
False
Is 34852624 a multiple of 82?
True
Is 28 a factor of 14663376?
True
Is 19305605 a multiple of 33?
False
Is 296 a factor of 26497032?
True
Is 2 a factor of 76235440?
True
Does 1146 divide 27616308?
True
Does 36 divide 61679952?
True
Is 4757878014 a multiple of 14?
False
Is 3 a factor of 847198?
False
Is 13367193 a multiple of 1964?
False
Is 316161503 a multiple of 3868?
False
Is 2116 a factor of 74668791?
False
Is 95 a factor of 666646024?
False
Is 24 a factor of 693476592?
True
Is 1005 a factor of 104313975?
True
Does 14 divide 394822402?
False
Is 8 a factor of 7839583?
False
Does 16 divide 506266720?
True
Does 11 divide 725808932?
False
Is 11 a factor of 80864802?
False
Is 316 a factor of 360485856?
False
Is 5747575 a multiple of 14?
False
Is 4134 a factor of 162511674?
True
Is 220990566 a multiple of 2498?
True
Is 7430250 a multiple of 268?
False
Is 1432 a factor of 145761128?
False
Is 24650455 a multiple of 764?
False
Is 447 a factor of 16295385?
True
Is 27603284 a multiple of 7?
False
Is 24787048 a multiple of 44?
True
Is 332 a factor of 24861820?
True
Is 98 a factor of 102489184?
True
Does 13 divide 502784945?
True
Is 8711 a factor of 799992107?
True
Is 229344580 a multiple of 4?
True
Is 26 a factor of 9763026?
True
Does 239 divide 389501646?
True
Does 21 divide 2308873560?
True
Is 8600 a factor of 3391496000?
True
Is 26 a factor of 20546936?
False
Does 13 divide 9386845?
True
Is 4157 a factor of 2266999165?
True
Is 330 a factor of 30374850?
True
Is 9 a factor of 34913259?
True
Is 935644287 a multiple of 681?
True
Is 1073874830 a multiple of 3?
False
Is 32 a factor of 126537223?
False
Is 4 a factor of 8217499?
False
Is 848316210 a multiple of 1022?
True
Does 965 divide 20894591?
False
Is 698 a factor of 2793466420?
False
Is 170 a factor of 1477021030?
True
Does 228 divide 52057395?
False
Does 9 divide 88434819?
True
Does 1428 divide 178070172?
True
Is 366 a factor of 87945407?
False
Does 178 divide 1918800?
False
Is 13698140 a multiple of 242?
False
Does 57 divide 6897942?
False
Is 509415609 a multiple of 174?
False
Does 58 divide 17120635?
False
Is 1010 a factor of 23808730?
True
Is 4 a factor of 4284573?
False
Does 2061 divide 73307709?
True
Is 2162 a factor of 63668710?
False
Is 26 a factor of 828351888?
True
Does 26 divide 338448266?
True
Is 893 a factor of 15790944?
False
Does 43 divide 3895241301?
True
Is 69 a factor of 43045650?
True
Does 1728 divide 39994174?
False
Is 92 a factor of 3764532820?
True
Is 994 a factor of 419696620?
True
Is 98137044 a multiple of 138?
True
Is 322681950 a multiple of 1150?
True
Is 15 a factor of 27600930?
True
Is 1667 a factor of 263100943?
True
Does 359 divide 67557697?
True
Is 2456 a factor of 442457078?
False
Is 295 a factor of 3226710?
True
Is 117 a factor of 166710492?
True
Is 74 a factor of 71683726?
True
Does 10 divide 304958880?
True
Is 926 a factor of 410140216?
True
Is 659 a factor of 640686786?
False
Is 15787018 a multiple of 70?
False
Does 1635 divide 17227995?
True
Does 181 divide 712785462?
False
Is 682916418 a multiple of 986?
True
Is 39080798 a multiple of 13?
False
Does 41 divide 142305845?
False
Is 7 a factor of 858263385?
True
Is 6590400 a multiple of 43?
False
Is 206 a factor of 68671300?
False
Is 211615800 a multiple of 220?
True
Is 9689212 a multiple of 1323?
False
Does 267 divide 3080164780?
False
Is 107161382 a multiple of 734?
False
Is 116510088 a multiple of 1909?
True
Is 2512993028 a 